?
True
Suppose -39*v + 38*v = -6628. Let k = 1 + 1. Suppose -4*d - k*h + v = 0, -2*d + 0*d - 4*h + 3314 = 0. Is d a composite number?
False
Let w(l) = 4*l + 23. Let a(n) = -n**3 + 7*n**2 + 8*n - 7. Let u be a(8). Let q be w(u). Let j(o) = -6*o**3 - 4*o**2 - 2*o - 13. Is j(q) a composite number?
False
Let g = -780 + 777. Is (31760/25 + g)*35 a composite number?
True
Is ((-197641)/5)/((-8)/(-1400)*-5) a composite number?
True
Suppose 5*g = 3*j + 60 + 42, -g + 14 = j. Suppose -462 = g*y - 21*y. Let q = y - 48. Is q composite?
True
Let c = 595 - -2531. Suppose c = -6*n + 12*n. Is n prime?
True
Suppose q + z + 0*z - 6 = 0, -3*q + 5*z + 2 = 0. Suppose -q*w + 17374 = 10*w. Is w a prime number?
False
Suppose -3*m + 4 = -3*w + 2*m, w + 3*m - 8 = 0. Suppose -w - 11 = -p. Suppose 0 = -12*i + p*i - 551. Is i a prime number?
False
Let f = 63292 - 30255. Is f composite?
False
Let i = 773339 + -430348. Is i a prime number?
False
Let s(g) = -3*g - 12. Let p be s(-6). Suppose t + 2*u - 729 = 0, -4*t + 2946 = 4*u - p*u. Suppose v + 218 - t = 0. Is v a prime number?
False
Is (65662/(-12))/(((-126)/(-756))/(-2 - -1)) composite?
False
Let d be ((-6)/(-15))/((-16)/(-760)). Suppose -d*i + 11156 = -21543. Is i prime?
True
Let l be 2/2*(-36502)/((-16)/8). Let t = l + -5670. Is t composite?
True
Suppose 789154 = 31*l - 743145. Is l a prime number?
True
Suppose 4*v - 76 = -5*h + v, h - 12 = v. Let t = h + -14. Suppose t = 5*r - 4*m - 5739, 0*r + 4*r - 4*m - 4588 = 0. Is r a prime number?
True
Let g(k) = -k**2 - 12*k - 10. Let y be g(-11). Let f be 3 - 4 - (1653 + y). Let r = f + 2806. Is r composite?
False
Let h = 486 - 467. Is 9491/3 - h/(456/16) a composite number?
False
Let m = 28758 + -10700. Is m prime?
False
Let b = 57275 - 28982. Is b prime?
False
Let k(j) = -j**3 - 25*j**2 + 19*j + 54. Let t be k(-26). Suppose -4*b = 4*q - 17344, -t = -q - 2*b + 4099. Is q a composite number?
False
Suppose 0 = -2*y - 4*u + 4 + 2, 0 = 2*y + u - 15. Let i be -2 - (-20)/y - (-616)/(-99). Is (4 + (i - 2))*(-818)/8 a composite number?
False
Let l(r) = -2*r**3 - 17*r**2 + 28*r + 597. Is l(-16) a composite number?
False
Let y(b) = -288*b + 18. Let f be y(12). Let r = -1456 - f. Let z = -1087 + r. Is z a composite number?
True
Let s = 160823 - 41230. Is s a prime number?
False
Let d = -62 + 62. Let n(l) = -l - 1. Let h be n(d). Is (-7 - -8)/(h/(-1157)) composite?
True
Let d(h) = 9 - 4 - 5 - h. Let p(j) = -60*j - 1. Let w(x) = 6*d(x) - p(x). Is w(1) prime?
False
Let w(z) = -1334*z**3 + 17*z**2 + z + 17. Is w(-6) composite?
False
Let u(d) be the third derivative of -d**6/120 - 3*d**5/20 + 11*d**4/24 + 13*d**3/6 + 14*d**2. Let z be u(-10). Suppose 2*n - 1115 = -z*n. Is n prime?
True
Let o = -54 - -65. Let g be 23/(-3) - o/33. Is (1/(-2))/(g/8016) a prime number?
False
Let s(m) = -9521*m**3 + 3*m**2 + 5*m - 6. Is s(-3) prime?
False
Let t be (-30)/21*(-21)/6. Let h(j) = 482*j - 39. Is h(t) a prime number?
True
Suppose -2*a + 84 = a. Suppose a*t + 2129 = 29*t. Is t composite?
False
Suppose 1 = -j + 9. Let p(c) = -j*c + 3*c**2 - 3*c + c + 2. Is p(9) a composite number?
True
Let v(j) be the second derivative of 509*j**3/3 - 141*j**2/2 - 17*j. Is v(17) composite?
True
Let b = 204592 - 105501. Is b prime?
False
Is (70062139/114)/7 + 1/(-6) prime?
True
Suppose -2*f = 5*u + 60, u + 4*f - 3*f + 15 = 0. Is ((-34110)/180)/((-1)/u*-1) composite?
True
Let q(a) = -a**3 + a**2 + 6*a. Let o be q(-2). Suppose 4*c - 17002 = -2*j, o = 5*j + 4*c + 1224 - 43759. Is j a prime number?
False
Suppose 2*p + 45 = 3*r, 0*p + 29 = 2*r - p. Let v be 8 - ((-16)/104 - (-41)/r). Suppose v*m - 9*m + 1676 = 0. Is m a prime number?
True
Suppose 1733 + 4523 = -4*r - 5*l, -5*l - 4687 = 3*r. Let b = r - -3898. Is b a composite number?
True
Let w = -207 - -8914. Suppose -4*c - c = 4*b - 8709, 3*c - w = -4*b. Let j = -579 + b. Is j a composite number?
False
Let y = -155 - -174. Suppose -4*z - 5*u = -576, 3*z + 16*u - y*u = 405. Is z composite?
False
Let l(y) = y**2 - 5*y + 12. Let b be l(4). Suppose -6*v - 9 = -21. Is 995 + (v/b - (-34)/(-8)) a prime number?
True
Let o(v) = v**2 + v - 3. Let s be o(-3). Let i be (2/4)/(s - (-2125)/(-708)). Let w = i + 683. Is w a prime number?
False
Suppose -2*p + f + 18475 = 0, 3*f = 5*p - 12372 - 33816. Is p composite?
True
Let b be 1029/12 - (-9)/(-12). Let d(u) = -u**3 - 16*u**2 - 18*u + 5. Let o be d(-15). Let i = b - o. Is i a prime number?
False
Suppose 119*t - 2379303 = -107*t + 73*t. Is t prime?
True
Suppose -86782 = -134*b + 68*b + 64*b. Is b composite?
False
Suppose -624*v + 607*v = -3900191. Is v prime?
True
Let o = 444 - 349. Suppose -15*i + 115 = -o. Is i prime?
False
Let k(h) be the third derivative of -19*h**6/120 - h**5/12 - 11*h**4/24 - 2*h**3 - 90*h**2 + 2*h. Is k(-7) composite?
False
Suppose -5*u = -l + 15360, -u - 3072 = 10*l - 11*l. Let y = 2089 - u. Is y a composite number?
True
Let s = 75640 - 23141. Is s a prime number?
False
Is (31/((-124)/(-56)) + -13)*18484/2 composite?
True
Let i(a) = 85*a**2 + 91*a - 1. Is i(32) prime?
False
Is (2/(-12))/(156/(-100014408)) a composite number?
False
Suppose 938 = -74*z + 81*z. Suppose -z*b = -132*b - 826. Is b prime?
False
Suppose -2*r + 830 = -4*p, -4*p - 6*r - 827 = -9*r. Let y be (-14)/(-63) + (-1123)/(-9). Let o = y - p. Is o a composite number?
True
Suppose -a - 2*t + 162 = 0, 2*t - 161 = -2*a + 153. Suppose -4311 = a*x - 155*x. Is x a prime number?
False
Let y(x) = 2843*x**2 - 142*x - 1597. Is y(-12) a composite number?
False
Let y = 70 + -36. Suppose -3*j - 1 + y = 0. Suppose -5466 - 6821 = -j*u. Is u composite?
False
Suppose -3*w + 252 - 69 = 0. Suppose -56*l + w*l = 13675. Is l a prime number?
False
Let p = 177066 + -75385. Is p a prime number?
True
Suppose 5*m - 5*h + 0*h = 70, 2*m - 28 = -2*h. Suppose m*i + 8728 - 24338 = 0. Is i composite?
True
Suppose 83*b = 32*b - 39*b + 10109430. Is b a prime number?
True
Let i = 305 - 276. Suppose 3*z - i - 409 = 0. Is z a composite number?
True
Let d(s) = 2*s - 4. Let t be d(-7). Let x be t/63 + 44/7. Is (-29937)/(-33) + x/(-33) a prime number?
True
Let s(h) be the third derivative of 63*h**4/4 + 59*h**3/6 + 50*h**2. Is s(6) prime?
False
Let v(n) = -10*n**2 + 21*n - 165. Let m be v(-11). Let t(c) = 702*c + 1. Let j be t(7). Let q = j + m. Is q a composite number?
True
Suppose 16 = 4*w - 0. Suppose f = -8*z + 13*z + 968, w*z = -f + 941. Is f a composite number?
False
Suppose -4*t + 5*a + 331333 = 0, -18*t + 3*a = -16*t - 165665. Is t composite?
False
Suppose -5*z + 45 = 5*c, -2*z + 4*c = -0*z. Suppose z*g = -19227 + 5349. Let h = -1360 - g. Is h a composite number?
False
Let m = -119407 - -203788. Suppose -m = -3*l - 4*g, -4*l + 4*g + 6394 = -106086. Is l a prime number?
True
Let c(h) = 12*h**2 + 1. Let v(a) = -3*a + 58. Suppose 5*g = 2*r + 61, 0 = -g - 0*g - 5*r + 23. Let f be v(g). Is c(f) prime?
False
Let r be (2 + (15 - -1))/((-1)/(-34)). Suppose -2*i + 2*k - 240 = 0, -5*i = -0*i - k + r. Let b = 376 + i. Is b prime?
False
Is 778701 - (-330)/15 - 18 a composite number?
True
Suppose -69*i + 2518454 - 529253 = 0. Is i a composite number?
True
Let r = 614793 + 546794. Is r composite?
True
Let f(t) = t**3 - 9*t**2 + 3*t - 9. Let n be f(8). Let s = -46 - n. Suppose s*o = -2*k + 296 + 1073, 0 = -3*k - 4*o + 2051. Is k a prime number?
True
Let l(x) = -23*x**3 - 4*x**2 + x - 1. Let v(j) = 1 + 12*j**3 + 2*j - 27*j**3 + 17*j**3. Let m be v(-1). Is l(m) a composite number?
True
Suppose 2*c = -3*c + 410. Suppose 7*x = 1470 - 483. Let d = x - c. Is d composite?
False
Let d be -2*(3/2 - 1) - -3. Suppose 4*b = d*b - 3*b. Suppose 5*w - w = -5*x + 1416, b = -4*w + 5*x + 1456. Is w composite?
False
Suppose 0 = -b + 2*o - 6, -2*b - 4*o + 36 = 2*b. Suppose i = b*i. Suppose i*c + 5*c = 5135. Is c composite?
True
Let h = 8 + -11. Let z(x) = x**3 + 3*x**2. Let r be z(h). Suppose -2*y = -3*w + 2*y + 633, 3*w - 2*y - 633 = r. Is w a composite number?
False
Let p be (-21)/((-33)/12 + 2). Let u be (p/(-6) - -4)*(1 - -5). Is u + 1/1 + 482 composite?
False
Let v = -36235 - -66282. Is v composite?
False
Suppose 4*r = 3*x - 0*r + 17, -x + 11 = 2*r. Is (-3 + x - -8) + 20565 composite?
True
Suppose -10*s + 88775 = 15*s. Suppose 466*c - s = 465*c. Is c prime?
False
Let b(o) = -5*o**3 - 29*o**2 - 473*o + 74. Is 